t c(q) = -2*q**2 + q - 19. Let p(v) = -v**2 + v - 10. Let d(z) = -3*c(z) + 5*p(z). Is d(-3) composite?
True
Let y = 10257 + -6046. Is y composite?
False
Let b = -17 + 18. Is 424/24*3*b a composite number?
False
Let m(k) be the second derivative of 265*k**3/6 + k**2 + 19*k. Is m(3) a composite number?
False
Suppose 15308 = 5*p - z, 15 + 0 = -5*z. Is p a prime number?
True
Let h(p) = p**3 - p**2 - p - 1. Let t(k) = -14*k**3 - 7*k**2 - 4*k - 6. Let a(y) = 2*h(y) - t(y). Is a(3) a composite number?
False
Suppose -5*w - 15 = -45. Suppose d - 3*x + w = -0, -x = 2. Is (d/18)/((-2)/873) prime?
False
Suppose -5*w + 1958 = 6*w. Let u = 339 - w. Is u composite?
True
Let z(t) = 346*t - 21. Is z(5) a composite number?
False
Let f(v) = 2*v - 22. Let d be f(11). Suppose -4*o + 5551 + 2373 = d. Is o a composite number?
True
Suppose 9*x = 41241 + 23352. Is x prime?
True
Let j(o) = 1844*o - 5. Let n be j(1). Suppose 4*v + n = -q + 5408, v - 2*q = 899. Is v composite?
True
Let w = -3514 - -6456. Is w a prime number?
False
Let c = -2619 + 10552. Is c a prime number?
True
Is (13674 - 5)/(-1 + (-1 - -3)) composite?
False
Suppose 66455 - 19337 = 6*u. Is u a composite number?
False
Let j = 277 - 188. Suppose j + 89 = 2*o. Is o a prime number?
True
Suppose 5*m - 5 = -y, m + 0 - 2 = 0. Let n(r) = -9*r**2 - 6*r - 6. Let g be n(y). Is ((-2)/(-2))/((-3)/g) a prime number?
True
Suppose -16 = -3*u + 17. Let s = 14 - u. Is (-51)/(2/((-4)/s)) a composite number?
True
Let f(b) = 747*b**2 - 52*b - 35. Is f(-6) composite?
True
Is (8 - -2 - -8487)/(0 + 1) prime?
False
Let t = -14 + 25. Let p = 5 - t. Let c(i) = -137*i + 13. Is c(p) prime?
False
Let i be 2*2/(4/449). Let v(j) = -4*j + 7. Let k be v(1). Suppose i - k = 2*b. Is b a prime number?
True
Is ((-2)/(-4))/(-5 - (-373746)/74748) prime?
True
Let d be (-15)/(-15)*(4 + 1). Suppose 402 + 653 = d*v. Is v a composite number?
False
Suppose 0 = 151*x - 146*x - 4310. Let d = x - 119. Is d a composite number?
False
Let g(r) = r**3 - r**2 + 103. Let z(i) = i**2 + 11*i - 6. Let p be z(-12). Let k(d) = d - 6. Let s be k(p). Is g(s) composite?
False
Let m = 8 + 0. Suppose 3*o + m = -7. Let i(n) = -39*n + 7. Is i(o) a composite number?
True
Suppose -10*u + 6436 = 1466. Is u prime?
False
Suppose -5*x + 3*f = -18, -2*x + x = 3*f. Suppose -3*q + x = -2*q. Suppose -5*k = 5*h - 650, -q*h + 7*h = 3*k + 541. Is h composite?
True
Let w = 4 + -1. Suppose -4*u + w*u = -19. Is u a composite number?
False
Suppose -3*i + 0*a = a - 1441, 0 = -4*i - 5*a + 1936. Is i a composite number?
False
Let c be ((-12)/8)/((-2)/(-60)). Let r = -27 - c. Let x = 52 - r. Is x a composite number?
True
Let k(q) = -4*q**3 - q**2 + 3*q - 29. Is k(-7) composite?
True
Let z(j) be the first derivative of 25*j**3 + 5*j**2/2 - 7*j - 15. Is z(6) a prime number?
False
Let p(z) be the second derivative of -45*z**3/2 + 15*z**2 + 5*z. Let a be p(-15). Suppose -15*m + a = -10*m. Is m a prime number?
False
Is (-322975)/(-150) - 1/6 a composite number?
False
Let p(l) be the third derivative of 19*l**6/60 + l**5/30 - l**4/8 + l**3/6 - 8*l**2. Is p(2) composite?
False
Let g(i) = -11*i**3 + 30*i**2 + 21*i + 101. Is g(-15) composite?
False
Let y(m) = -5 - 3 + 1 - 49*m - 2. Let c be -1 - (7 + (1 - 5)). Is y(c) prime?
False
Let a(t) = -27*t**3 + 2*t**2 + t - 2. Let h(j) = j. Let l(i) = -a(i) + 3*h(i). Is l(2) prime?
False
Let r(g) = 35*g**2 - 6*g + 3. Let l be (30/35)/(1/7). Is r(l) a composite number?
True
Suppose -7*h + 11968 = -29605. Is h prime?
True
Let k = -490 + 231. Suppose -238 = 9*q + 950. Let g = q - k. Is g a prime number?
True
Let b(i) = 119*i**2 - 5*i + 125. Is b(16) prime?
True
Suppose -6*c + 3*c = 3558. Is (c/(-5))/(8/20) a prime number?
True
Suppose 5*n = -2*o + 432003, n + 5*o - 3*o = 86407. Is n a prime number?
True
Let f(q) = 333 - 13*q - 332 - 64*q - 91*q. Is f(-3) composite?
True
Suppose 3*q - 2*k - 9558 = -5*k, 3*q = k + 9546. Is q composite?
True
Let j(k) = -k**2 + 2*k + 3. Let y be j(3). Suppose 0 = -d - 4*m + 1421, 2*d - 496 = 3*m + 2291. Suppose d = 3*n - y*n. Is n composite?
False
Suppose 2 = 3*a - 10. Is (4688/(-64))/((-1)/a) a composite number?
False
Let d = -36846 - -51589. Is d composite?
True
Let o(l) = 3*l**2 - 13*l + 8. Let d(s) be the third derivative of -4*s**5/15 + 65*s**4/24 - 20*s**3/3 - 4*s**2. Let p(w) = -2*d(w) - 11*o(w). Is p(7) prime?
False
Let v(k) = -k**2 - 5*k + 7. Let g be v(-6). Suppose -2 = -a + g. Let o(w) = 8*w**3 - 2*w**2 + w + 4. Is o(a) a prime number?
False
Suppose 4*r = -2*t + 16938, 5*r - 28916 = -5*t - 7756. Is r prime?
False
Let j = 25 - 38. Let i = 18 + j. Suppose 0 = 3*d - 5*d + 3*h + 57, -i = h. Is d a composite number?
True
Let g(q) = -q - 15. Let i be g(-20). Suppose -5*w + 67 = -5*h + 182, -i*w = -4*h + 92. Is h composite?
False
Let n be (-6)/(-4) - 159/(-6). Let a = 26 - n. Let z(c) = 13*c**2 + 1. Is z(a) prime?
True
Let i(g) = -g**2 + 1. Let n be i(0). Let x be (4 - (1 + -4))*n. Suppose x*v = 4*v + 1563. Is v a prime number?
True
Let r(u) be the first derivative of 2*u**3 + 2*u**2 - 3*u + 24. Is r(7) a prime number?
False
Suppose 23 = y + 3. Suppose -2*x = -4*x - 5*v + 4185, -4*v + y = 0. Let o = -1159 + x. Is o prime?
False
Let n = 84 - 123. Let o = 101 + n. Is o composite?
True
Let x(f) = -8*f + 618. Let n be x(0). Let u = n + 1441. Is u a composite number?
True
Suppose -23*o + 21006 = -14*o. Suppose 0*j - 6*j + o = 0. Is j prime?
True
Let c(z) = z**3 - 4*z**2 - 5*z + 8. Let v be c(5). Suppose -921 = v*d - 11*d. Is d a composite number?
False
Suppose 1 = -3*i - 5. Let f(n) = 8*n + 2. Let z be f(i). Is (z/21)/((-4)/1542) a composite number?
False
Is 1 + -264*(-2 + 1) a prime number?
False
Suppose 5*p = 3*w + 6676, 0 = 2*p + 3*p - w - 6682. Suppose 0 = -4*n - 3*n + p. Is n composite?
False
Let s = 61 - 57. Suppose 5*r = i + 1011, 0*i - 796 = -s*r + 4*i. Is r prime?
False
Let a(o) = -o**3 + 12*o**2 + o + 3. Let k be a(14). Let d = -212 - k. Is d a prime number?
True
Suppose -2*q - 42688 = -2*r, -14*r + 5*q + 85379 = -10*r. Is r composite?
False
Suppose 3*f + 3*f + 18 = 0. Let p = f + 1. Is p + 1*(2 - -249) composite?
True
Let a be 135/(-2)*(-342)/27. Let s = -476 + a. Is s a prime number?
True
Suppose 4*t - 9 = 3*x, -x - 2*t - 9 = 2*x. Is (-1)/3*x*7151 prime?
True
Let y(t) = 3*t - 9460. Let x be y(0). Let m = 13971 + x. Is m a prime number?
False
Let t be 11/((-213)/(-54) + -4). Let l = 364 + t. Is l composite?
True
Let r(h) = -119*h + 9. Let v be (-4)/5*3*(-480)/(-72). Is r(v) a prime number?
True
Suppose 0 = 4*p + 2*z + 10, -3*z = -p + 2*z - 8. Suppose 3*o + 150 = 159. Is 58 + 1/(o/p) composite?
True
Let n(u) = -10*u**3 - 3*u**2 + 6*u + 8. Suppose 2*i - h = 11, -h = 2*i - 3*h - 10. Let z be n(i). Is z/(-28) + 3/(-7) composite?
False
Suppose 14*q - 17119 = 5799. Is q a prime number?
True
Let l(n) be the second derivative of -28*n**3/3 - 23*n**2/2 + 8*n. Is l(-5) a composite number?
False
Suppose -3*f - 5*c + 21530 + 4901 = 0, 4*f - 2*c = 35224. Is f composite?
False
Let w = -2674 + 10427. Is w composite?
False
Suppose 13*x + 4 = 9*x. Let m be x*(-2)/((-6)/3). Let f = 18 - m. Is f a prime number?
True
Let m = -20 - -10. Let w be 15/m*(-10)/3. Suppose -6*g + g + 23 = 4*o, -8 = g + w*o. Is g a prime number?
True
Let i = -9275 - -34710. Is i prime?
False
Let q(z) = -284*z**3 + 1 - 2*z**2 + 2*z**2. Let v be q(-1). Let k = 403 - v. Is k a composite number?
True
Suppose 0 = 3*d - 2*k - 2*k + 12, 4 = -2*d + 4*k. Let c = 19 + d. Is ((-10)/(-2))/(c/77) a prime number?
False
Let g = 2408 + -1055. Suppose 9501 - g = 12*p. Is p a prime number?
False
Let z(w) = 4*w**3 + 3*w**2 - 14*w + 29. Is z(8) a composite number?
True
Let o(y) = -975*y - 9. Let k be o(5). Let i = k + 7297. Is i prime?
False
Suppose -3*x + 35 = -2*y, -4*y = -x + 3*x - 2. Suppose -4*w = -x*w + 5. Let r(j) = 7*j**3 - 1. Is r(w) a composite number?
True
Suppose 4*i = -5*i + 1071. Is i composite?
True
Let z(y) = -556*y**3 + 7*y**2 + 9*y + 11. Is z(-4) prime?
True
Let t(u) = -12*u - 3. Let c be t(-2). Suppose 0 = 3*w + 15 - c. Suppose 0 = w*f - f - 185. Is f a composite number?
True
Is 11/((-165)/(-69492)) + 2/10 prime?
False
Suppose 0 = 2*y, x + 2*y - 939 - 800 = 0. Is x composite?
True
Let t(d) = -3*d + 19. Let r be t(5). Suppose -2*k + 3288 = 5*z + 943, -r*k - 187